 in base 15?
3be
What is 100011110011011 (base 2) in base 8?
43633
22213 (base 6) to base 10
3105
210102 (base 3) to base 2
1001000010
What is -31100 (base 4) in base 9?
-1142
Convert -12746 (base 8) to base 14.
-2086
What is -e91 (base 15) in base 9?
-4451
Convert -32 (base 4) to base 12.
-12
What is 1100200 (base 3) in base 10?
990
Convert 680 (base 9) to base 7.
1425
12504 (base 7) to base 6
23240
What is -11202 (base 5) in base 8?
-1442
Convert 101100101011110 (base 2) to base 6.
253530
What is 1161 (base 7) in base 15?
1e0
-1330 (base 9) to base 15
-469
45066 (base 7) to base 12
66b3
444404 (base 6) to base 14
d844
What is -21712 (base 8) in base 5?
-243122
Convert 193 (base 15) to base 10.
363
7010 (base 13) to base 14
5876
What is 95 (base 14) in base 13?
a1
What is -3443 (base 8) in base 4?
-130203
What is -1433221 (base 6) in base 5?
-10114011
Convert -422 (base 11) to base 8.
-774
Convert -1002220 (base 3) to base 4.
-30213
What is -110100010 (base 2) in base 5?
-3133
530 (base 7) to base 3
100212
28522 (base 9) to base 5
1110004
Convert -3af (base 16) to base 14.
-4b5
1137 (base 13) to base 16
96c
-78 (base 11) to base 15
-5a
-10000100111 (base 2) to base 15
-4ad
Convert 113103 (base 4) to base 5.
21431
What is -154242 (base 6) in base 5?
-441333
What is -33832 (base 10) in base 13?
-12526
21a8 (base 11) to base 6
21233
What is 35552 (base 8) in base 3?
202212100
Convert 3123 (base 4) to base 8.
333
What is -14043 (base 5) in base 13?
-6a4
1000010001 (base 2) to base 11
441
What is 13a0 (base 15) in base 13?
1bb1
Convert 2a6b (base 14) to base 2.
1110101110111
43 (base 10) to base 13
34
What is 102111211 (base 3) in base 13?
3a87
What is 22c (base 14) in base 10?
432
Convert -536 (base 7) to base 10.
-272
Convert -20021122 (base 3) to base 14.
-1952
Convert -10230 (base 4) to base 5.
-2200
What is -44a (base 13) in base 2?
-1011100010
What is 11440 (base 5) in base 11?
721
What is -28582 (base 9) in base 8?
-45751
What is -3405 (base 14) in base 3?
-110101010
What is -f1f (base 16) in base 7?
-14200
Convert 32980 (base 11) to base 14.
13598
Convert -883 (base 16) to base 6.
-14031
Convert -2001112 (base 3) to base 13.
-8b4
Convert -1522 (base 6) to base 2.
-110011010
What is 212 (base 6) in base 13?
62
-3131342 (base 5) to base 11
-36161
What is -1223103 (base 4) in base 5?
-204432
Convert 2032 (base 4) to base 13.
ac
What is -34d (base 16) in base 6?
-3525
-10514 (base 10) to base 8
-24422
-1 (base 14) to base 8
-1
-227 (base 9) to base 11
-160
What is 3622 (base 10) in base 14?
146a
What is -1042 (base 7) in base 5?
-2443
313316 (base 7) to base 16
d2fb
What is -125205 (base 6) in base 10?
-11525
What is 12221 (base 3) in base 14?
b6
Convert 55643 (base 9) to base 10.
36975
Convert 23126 (base 7) to base 14.
2216
109a (base 15) to base 2
110111000000
What is 223102 (base 5) in base 12?
46a6
What is 297a (base 16) in base 15?
322d
11234 (base 8) to base 6
34020
What is 102221 (base 3) in base 7?
640
What is -2106 (base 11) in base 3?
-10211022
-2363 (base 13) to base 5
-124412
Convert 1001111100 (base 2) to base 13.
39c
-15073 (base 9) to base 14
-3a5a
Convert 246 (base 12) to base 16.
156
Convert -7633 (base 10) to base 4.
-1313101
-207 (base 16) to base 8
-1007
Convert 21 (base 11) to base 2.
10111
What is 3123 (base 11) in base 12?
248b
-100111101000 (base 2) to base 6
-15424
Convert -126524 (base 7) to base 2.
-101110101111010
Convert 13b2 (base 16) to base 8.
11662
-2413 (base 5) to base 10
-358
-111114 (base 7) to base 12
-b423
What is -275 (base 9) in base 15?
-105
What is -1302 (base 7) in base 3?
-200020
-110154 (base 6) to base 4
-2032312
What is 4684 (base 13) in base 9?
14531
2430 (base 5) to base 8
555
What is 1032 (base 5) in base 2?
10001110
-100213111 (base 4) to base 8
-204725
What is -24b2 (base 16) in base 2?
-10010010110010
-7152 (base 8) to base 15
-1160
-5541 (base 6) to base 8
-2405
-111321 (base 4) to base 8
-2571
Convert -1202210002 (base 3) to base 6.
-425132
-1114025 (base 6) to base 16
-dd21
9474 (base 10) to base 5
300344
What is -17bd4 (base 14) in base 5?
-3404331
-4472 (base 8) to base 14
-c0a
What is -191 (base 14) in base 11?
-274
Convert -7123 (base 8) to base 5.
-104132
Convert 668 (base 10) to base 4.
22130
What is 333 (base 6) in base 13?
9c
What is 2212 (base 6) in base 11?
426
What is -2111002 (base 3) in base 15?
-80b
Convert 763 (base 10) to base 8.
1373
1776 (base 8) to base 12
712
-5152 (base 6) to base 2
-10001111100
Convert -241 (base 13) to base 8.
-607
Convert -13201 (base 6) to base 14.
-a41
10021120010 (base 3) to base 15
141e0
What is -1c (base 13) in base 2?
-11001
What is -102012202 (base 3) in base 11?
-6161
-4859 (base 12) to base 7
-32466
What is -1110011100010 (base 2) in base 14?
-29a2
What is 130 (base 10) in base 14?
94
223 (base 4) to base 13
34
What is -43245 (base 6) in base 10?
-5933
Convert 302320 (base 4) to base 2.
110010111000
Convert 4025 (base 13) to base 16.
2273
What is 3210 (base 8) in base 4?
122020
What is 2000210 (base 3) in base 11?
1125
Convert -129 (base 11) to base 14.
-ac
100101 (base 2) to base 14
29
Convert 21202 (base 4) to base 10.
610
14b9 (base 14) to base 13
18ac
What is -113002 (base 4) in base 5?
-21344
Convert 2270 (base 11) to base 9.
4072
-20221112 (base 3) to base 5
-130223
2536 (base 11) to base 8
6352
Convert -1515 (base 6) to base 8.
-627
101011012 (base 3) to base 5
214103
-155434 (base 6) to base 13
-7096
5798 (base 11) to base 10
7609
Convert -3e5b (base 16) to base 7.
-64353
What is 283 (base 16) in base 14?
33d
-11838 (base 10) to base 9
-17213
What is 180d (base 16) in base 6?
44301
Convert 930 (base 13) to base 10.
1560
What is 1b1c (base 14) in base 4?
1030332
Convert -212 (base 13) to base 14.
-1b3
Convert -5b32 (base 14) to base 9.
-23748
-144114 (base 5) to base 12
-3693
Convert 534 (base 11) to base 2.
1010000010
-1122221 (base 3) to base 6
-5341
What is 303250 (base 6) in base 7?
130125
What is 321 (base 8) in base 10?
209
What is 110101 (base 2) in base 13?
41
What is -6072 (base 8) in base 14?
-11d8
What is -32001 (base 4) in base 3?
-1020020
42434 (base 7) to base 12
60bb
Convert 1221040 (base 5) to base 13.
a790
What is -2938 (base 13) in base 16?
-174a
What is 2108 (base 10) in base 13?
c62
582 (base 14) to base 9
1445
Convert 555 (base 9) to base 6.
2035
What is -912 (base 14) in base 3?
-2102221
Convert -13444 (base 5) to base 15.
-4ee
245 (base 8) to base 3
20010
-1001011 (base 2) to base 4
-1023
Convert -646 (base 14) to base 3.
-1200212
Convert -32203 (base 4) to base 16.
-3a3
What is -644 (base 14) in base 13?
-741
-63 (base 16) to base 11
-90
-342 (base 12) to base 5
-3412
Convert -4c54 (base 13) to base 5.
-322020
What is 341 (base 11) in base 3?
120010
What is -26a4 (base 11) in base 15?
-1087
What is -101001001011001 (base 2) in base 15?
-63a6
What is 1100010100101 (base 2) in base 5?
200214
Convert -11211 (base 6) to base 4.
-120313
What is 10101111101101 (base 2) in base 16?
2bed
-da0 (base 14) to base 8
-5200
What is -110202110 (base 3) in base 7?
-36054
What is -22 (base 14) in base 10?
-30
What is 1494 (base 11) in base 4?
131332
Convert -10321 (base 5) to base 13.
-429
Convert 34344 (base 5) to base 15.
aee
Convert -2743 (base 15) to base 9.
-12450
1102000110 (base 3) to base 11
19905
Convert -11001101 (base 2) to base 7.
-412
Convert -dfd (base 16) to base 4.
-313331
-1001100010111 (base 2) to base 3
-20201000
What is 31c (base 15) in base 14?
382
What is 54 (base 7) in base 12?
33
Convert 100101100010 (base 2) to base 5.
34102
Convert -3a7 (base 12) to base 14.
-2bd
What is -ac9 (base 15) in base 13?
-1158
-11211 (base 3) to base 2
-10000010
What is 302342 (base 7) in base 6?
1033232
What is -2735 (base 16) in base 2?
-10011100110101
What is -103626 (base 8) in base 6?
-424410
235534 (base 6) to base 15
6217
What is 122 (base 7) in base 5?
230
What is -3556 (base 11) in base 7?
-16404
2331221 (base 4) to base 10
12137
Convert -b26 (base 15) to base 10.
-2511
Convert 534 (base 11) to base 10.
642
561 (base 13) to base 12
650
What is -22332 (base 5) in base 12?
-b08
325 (base 8) to base 5
1323
Convert -76a (base 14) to base 3.
-2000022
Convert -924 (base 11) to base 15.
-4e5
Convert -103 (base 13) 